b**2 - 101*b + 8. Let w be t(8). What is the greatest common factor of w and 141?
141
Let z = 464 + -298. Suppose 5*v - 12 - 38 = 0. Suppose 3*a = -v + z. Calculate the greatest common factor of 26 and a.
26
Suppose -5 = 4*d - 1, -5*j + 2*d + 2 = 0. Suppose 2*w + 2*k - 2 = j, 5*w + 2*k - 14 = -0. Calculate the highest common divisor of 6 and w.
2
Suppose -4*p - 17 = -3*c + 411, 2*c + 5*p = 339. Calculate the highest common factor of c and 11932.
76
Let j(k) = 6*k**2 - 4. Let d be 8 + (-8)/2 - 2 - -1. Suppose 2*t + 2*a - 4 = -3*a, -d*t + a = -6. Let i be j(t). What is the greatest common factor of 8 and i?
4
Let i = 393 - 382. Suppose 19*b = i*b + 40. What is the greatest common factor of 40 and b?
5
Suppose -165*b + 163*b = 4*k - 894, 2*k = -5*b + 443. Calculate the highest common factor of k and 644.
28
Suppose -h = -4*f - 33, 3*f = 6*f - 15. Suppose 0 = 4*k - h + 37. Calculate the highest common factor of 40 and k.
4
Let v be (-7)/5 + 2 + ((-5909904)/(-220))/28. Calculate the highest common divisor of 3264 and v.
192
Suppose -2299 = -37*c - 14*c - 106. What is the greatest common divisor of c and 4?
1
Suppose 15*d - 239400 = -137*d. Calculate the greatest common factor of d and 18.
9
Let c be ((-3)/6)/((-2)/28). Suppose 23*t - 229 = 1220. What is the highest common divisor of c and t?
7
Suppose 3*x + 3*z = 0, -5*x + 3*z + 36 = -z. Suppose 75 = p + x*w, 4*p - w - 264 = -5*w. What is the greatest common factor of p and 14?
7
Let d(y) be the second derivative of -17*y**5/5 - y**4/12 + y**3/6 + y**2 + 5*y. Let v be d(-1). What is the highest common divisor of v and 17?
17
Suppose -8*x - 1376 = -24*x. Calculate the greatest common factor of x and 3182.
86
Suppose 12*w = -4*r + 31268, -6776 - 1065 = -3*w + 5*r. What is the greatest common divisor of w and 66?
33
Let i be ((-30)/(-35))/((-5)/(-630)) - -2. Suppose -2*z - 91 = -k - 31, 0 = -2*k - z + i. Suppose s - 8 = -0. Calculate the highest common divisor of k and s.
8
Suppose 3*i - 456 + 438 = 2574. What is the greatest common divisor of 480 and i?
96
Let l(t) = -17*t**3 - 2*t**2 - t + 2. Let z = 116 - 117. Let g be l(z). Calculate the highest common factor of g and 18.
18
Let d be ((-78)/(-7) + -6)/((-1)/(-7)). Suppose d*g - 7946 - 4150 = 0. What is the highest common factor of g and 96?
48
Let n be -1*(-3)/4*48. Let p be (((-319)/(-58))/((-1)/(-12)))/((-4)/(-4)). What is the highest common factor of n and p?
6
Let g = -3365 - -3533. What is the highest common factor of g and 28?
28
Let s be (868/35)/((-14)/(-105)). Calculate the greatest common factor of s and 30.
6
Let f be (-8)/(-2) - (1 + 1). Let q be 36/7 + 12/(-84). Suppose q*a - 3*n = 11, 2 - 17 = -3*a - n. What is the greatest common factor of f and a?
2
Let k(q) = q**2 - 66*q - 554. Let b be k(74). Calculate the greatest common factor of b and 1900.
38
Let q = -33519 - -33534. Suppose 5 = l - 1. Calculate the greatest common factor of q and l.
3
Let s(k) = -2*k**2 + 25*k - 2. Let p = 78 + -70. Let h be p/(-20) + 52/5. Let i be s(h). Calculate the highest common divisor of i and 120.
24
Let m = -411 - -463. Suppose -285 = m*p - 1793. Calculate the greatest common divisor of p and 551.
29
Let m(u) = -2*u. Let o be m(-3). Suppose -2*n - 2*a = -26, 203*a - 201*a + 34 = 2*n. What is the highest common factor of n and o?
3
Let n be 401 - 390/(-22 - 4). What is the highest common divisor of 5056 and n?
32
Let w(a) = 12*a**2 - 648*a + 33. Let f be w(54). What is the highest common factor of f and 2233?
11
Suppose -21*p + 66528 = 15*p. Suppose -4*x = -22*m + 27*m - p, -5*x = 5*m - 2310. What is the highest common divisor of x and 132?
66
Let a = 30 - 23. Suppose 34*o - 1804 = -a*o. What is the greatest common factor of o and 22?
22
Let b = -1540 - -1556. Calculate the greatest common divisor of b and 840.
8
Let b(n) = 18*n - 17. Let a be b(1). Let r be (a + 29)/((-23)/((-207)/18)). Let y be (-74 - 1)/(-1 - 0). What is the highest common divisor of r and y?
15
Suppose -230*c = -228*c + 5*u - 110, -3*u + 174 = 3*c. Suppose 80 - 20 = 2*b. Calculate the highest common divisor of b and c.
30
Let r = -2934 - -2948. Let q be (-696)/(-14) - 2/(-7). Let o = q - -6. Calculate the greatest common factor of r and o.
14
Let z(m) = -47*m + 10. Let l(k) = -23*k + 5. Let n(s) = -5*l(s) + 3*z(s). Let t be n(-1). Calculate the highest common factor of t and 93.
31
Let n be (-18)/15 - (-32)/(3040/337839). What is the greatest common factor of 585 and n?
45
Let o(r) = r**2 - 23*r + 130. Let k be o(8). Suppose -2*b + 340 = 4*d - 2*d, 3*d + 680 = 4*b. What is the greatest common divisor of k and b?
10
Suppose 273*h - 265*h = 48. Let k be -90*h/4*12/(-18). Calculate the greatest common factor of 40 and k.
10
Let w be (1 + 9)/((-4)/(-34)). Let j(v) = -72*v**2 + 110*v + 2. Let z be j(-2). Let i = 540 + z. What is the greatest common factor of i and w?
17
Let b(d) = -40*d**3 - 234*d**2 + 32*d + 10. Let i be b(-6). Let w(t) = 18*t**2 + 3*t - 1. Let r be w(3). What is the greatest common factor of r and i?
34
Suppose -4*u - 3*p = -1162, u + 4*p + 626 - 936 = 0. Calculate the highest common factor of u and 66.
22
Suppose -2*s + 140 = -a, -10 = 2*a - 3*s + 274. Let z be (-3)/4 - 26011/a. Calculate the greatest common factor of 5 and z.
5
Suppose 6*j = 3*j + 366. Suppose -137 = -h - j. Suppose 142 = 5*c - 683. Calculate the greatest common factor of h and c.
15
Let x(j) = 9*j**2 - 6*j + 3. Let h be x(3). Let k = 68 - h. Suppose -z + 31 = v - 6*z, 0 = -2*z + k. Calculate the greatest common factor of 90 and v.
18
Let c be (20/(-3))/((-10)/(-36) - (-2)/(-4)). Let r be 4/(-6) + (-107)/(-3). Let n = r + -5. What is the highest common divisor of c and n?
30
Let m(z) = -3*z**3 - 69*z**2 + 68*z + 54. Let s be m(-24). Let r = -16 + 6. Let x be (r/5)/((-2)/30). Calculate the greatest common factor of x and s.
30
Let u(b) = 51*b + 1965. Let c be u(-27). Calculate the greatest common factor of 36 and c.
12
Let n be (21/(-6))/7*0. Suppose n = -m - 5*q + 98, q = 2 - 4. Calculate the highest common divisor of 27 and m.
27
Let b(x) = -8*x - 36. Let o be b(10). Let t = -112 - o. Suppose t*f - 12 - 13 = -5*n, -5*n = 2*f - 15. What is the highest common factor of f and 40?
5
Let y be (-1)/((-6)/(-8) - (-407)/(-484)). Suppose 2*x - y = -15. Let a be (-25 + 1)*x/(-6)*-1. What is the greatest common factor of a and 28?
4
Let w be 8/(-10) - (9590/(-50) + 15). Calculate the greatest common factor of w and 18832.
176
Suppose 521*b - 503*b = 2484. What is the highest common divisor of 18 and b?
6
Let b(g) = g**2 + g + 57. Let t be b(0). Let z = 37 - t. Let x be (-1)/(-5) + (-16)/z. What is the highest common factor of 19 and x?
1
Let b be 4 + (2/12)/(4/24). Suppose -188 = -r + f, -4*r + 317 + 438 = -5*f. What is the greatest common factor of r and b?
5
Let z(d) = 5*d. Let x = -41 + 42. Let p be z(x). Suppose 5*g + 0*l - 56 = l, 0 = p*l + 5. What is the highest common divisor of g and 77?
11
Let q = 212 + -28. Let h = 196 - q. What is the greatest common divisor of 48 and h?
12
Suppose -5*p = 5, -5*p - 164 = -4*v - p. Let s = 86 - v. Let w = -1970 - -2430. Calculate the greatest common factor of w and s.
46
Let g = 135 + -231. Let b = -44 - g. Let v be ((-46)/115*-10)/(1 - (0 + 0)). What is the highest common divisor of v and b?
4
Let c(m) = 3*m + 2. Let r be c(-7). Let v = -15 - r. Let f(i) = 5*i**2 - 13*i + 4. Let w be f(3). What is the greatest common divisor of w and v?
2
Suppose 0 = -0*d + 3*d - 7*d. Suppose 4*s + 2*g = g + 48, d = g. Let o(j) = j**2 - 5*j - 2. Let m be o(-5). Calculate the highest common factor of s and m.
12
Let h(v) = -2*v**2 + 35*v + 18. Let g be h(18). Suppose -3*x + 24 = f, 5*x - f - f - 29 = g. Calculate the greatest common divisor of 5 and x.
1
Suppose -147*q + 151*q + u - 4958 = 0, 0 = -4*q - 5*u + 4982. Calculate the greatest common factor of 14 and q.
2
Let u be -12*207/(-24)*-4*(-1)/2. What is the greatest common factor of 1173 and u?
69
Let g be (2/(-5))/((-1)/5). Let p be (-95)/(-20) + g/8. Suppose 2*w = -4*a + 34, -62*a = -58*a - 2*w - 46. Calculate the highest common factor of p and a.
5
Suppose -3*d + 36 = 4*i - 6*d, 2*i + d + 2 = 0. What is the greatest common factor of i and 4317?
3
Let k = -798 + 806. Suppose -k*n = -2051 - 749. Calculate the greatest co